2*i - 4*c - h = 0. Calculate the remainder when 158 is divided by i.
30
Suppose t - 5*f - 960 = -4*f, 5*t - 4786 = -2*f. Calculate the remainder when t is divided by 15.
13
Suppose 37740 = 65*q - 137435. Calculate the remainder when q is divided by 29.
27
Let x(w) = -w**2 - 18*w - 3. Let h be x(-12). Suppose -h = c - 2*c. Calculate the remainder when (c/(-6))/(2/(-12)) is divided by 18.
15
Suppose -75 = 9*j - 14*j. Suppose 8 = j*h - 13*h. Calculate the remainder when 134 is divided by (h*3*(-18)/(-4))/2.
26
Let u(m) = -9*m**3 - 15 + 20*m**3 + 16*m - 12*m**3 - 11 - 10*m**2. What is the remainder when u(-12) is divided by 29?
12
Let o = 250 - 234. Let a(b) = 3*b - 4. Let k be a(4). Suppose -k*n + o = -6*n. What is the remainder when 29 is divided by n?
5
Let k = 50046 - 50043. Suppose -2*m - m + 24 = 0. Let b = m + -5. What is the remainder when b is divided by k?
0
Let u = -146 + 153. Let f be 32/u + ((-248)/(-56) - 4). Suppose -1108 = -4*r + f*s, 0*r - 554 = -2*r + 4*s. What is the remainder when r is divided by 40?
37
Suppose -4*a = -14*a + 20. Suppose 4*s + a*n + 116 = -3*n, -2*s - 84 = -4*n. Let l = -7 - s. Calculate the remainder when l is divided by 11.
5
Let s = 3052 - 2876. What is the remainder when s is divided by 46?
38
Let m(v) = v**2 - 32*v + 236. What is the remainder when 134 is divided by m(11)?
4
Suppose 3*m - 3 = 3. Calculate the remainder when 40/18 + 144/81 + -2 is divided by (m/(-3))/((-2)/6).
0
Let x(h) = -9*h**3 - 8*h**2 - 2*h + 16. Calculate the remainder when x(-3) is divided by 39.
37
Suppose 0 = -4*g - 5*g - 108. What is the remainder when 26 is divided by (-6)/2*(g/9 - 2)?
6
Let w(c) = c**3 - 5*c**2 - 45*c - 16. What is the remainder when 1876 is divided by w(10)?
6
What is the remainder when 2312 is divided by (-4 - 29 - -36)*(-86)/(-6)?
33
Let p = -4471 - -4579. What is the remainder when 224 is divided by p?
8
Let k(v) = 2*v**2 + v - 1. Let t be k(1). Suppose -5*q - 3*y = 2, -t*y = -4*q - 4*y. What is the remainder when (2 + 0 - q) + 23 is divided by 7?
2
Suppose -257*o = -494*o + 248*o - 5060. What is the remainder when o is divided by 95?
80
Let c = 2455 - 2419. What is the remainder when 143 is divided by c?
35
What is the remainder when 29693 is divided by -9 + 5*(-1007)/(-19)?
253
Suppose -46*x + 34*x = -48. Suppose x*p - p = 3*a - 45, -19 = -a - p. What is the remainder when 1 + 2/(2/133) is divided by a?
15
Suppose -721*n - 1260 = -728*n. Calculate the remainder when 149 is divided by (17/34)/(3/n).
29
Let h = 37 + -25. Let z = 176 + -61. Let w = 185 - z. Calculate the remainder when w is divided by h.
10
Let k = -3660 - -3840. Calculate the remainder when 3599 is divided by k.
179
Let n(s) = 8*s - 1. Let v(z) = 9*z. Let q(j) = -5*n(j) + 4*v(j). Suppose 8*k - 3455 = -3639. Calculate the remainder when q(k) is divided by 25.
22
Let c(o) = 4*o**2 - 5*o + 10. Let x = 1264 - 1208. What is the remainder when x is divided by c(3)?
25
Let x = -260 + 604. Suppose -4*v + 8*h = 10*h - x, -h = -2*v + 168. Calculate the remainder when 249 is divided by v.
79
Suppose 0 = 35*d - 204*d + 5070. Let f be -2 + 1 + (4 - 1). Suppose -5*z + f*z = -48. What is the remainder when d is divided by z?
14
Suppose -p = -25 - 45. Let j = -2378 - -2390. What is the remainder when p is divided by j?
10
Let g be ((3534 - 6) + 2)/(3 + -4). Calculate the remainder when g/(-55) - (-1 - (-78)/66) is divided by 53.
11
Suppose -3*l - 3 = -9. Let q = l - -7. Suppose -165 = -614*w + 609*w. Calculate the remainder when w is divided by q.
6
Suppose -210 = -19*k + 5*k. Let b = -10 - -16. Suppose y + k = 3*y + o, b = 2*o. Calculate the remainder when 8 is divided by y.
2
Let i(n) = n**3 - 9*n**2 - 3*n + 18. Let t be i(7). Let u = 134 + t. What is the remainder when u is divided by 5?
3
What is the remainder when 596 is divided by (594 - (-88)/11) + -16?
10
Suppose 0 = 5*d - 426 + 116. Let p(x) = x**3 - 3*x**2 + 41*x + 34. What is the remainder when d is divided by p(0)?
28
Let h(i) = -4*i. Let s(u) = -13*u + 1. Let a(r) = 7*h(r) - 2*s(r). Let t be a(5). What is the remainder when (40/t + 4)/(4/270) is divided by 24?
21
Let y = 48 + 28. Suppose -8*d + 295 + 641 = 0. Suppose 40*b - 37*b = d. Calculate the remainder when y is divided by b.
37
Calculate the remainder when (8/(-54))/(-2) + (-37 - (-337623)/891) is divided by 67.
7
Let t(o) = o**2 - 11*o + 18. Let f be t(23). Suppose 0 = -373*c + 367*c + f. What is the remainder when 241 is divided by c?
45
Suppose 0 = -6*o + o + 45. Let b = -2 - -41. Calculate the remainder when b is divided by o/(-12) + (-118)/(-8).
11
Let z(o) = -21*o + 30. Let a be z(-16). Let p = -252 + a. Calculate the remainder when p is divided by 30.
24
Let q = 19 - -38. Suppose q = d - 12. Suppose 10102*c = 10099*c + 108. What is the remainder when d is divided by c?
33
Let z be (0 + -4)*(-1)/(-8)*-10. Suppose -o - z*k + 13 = -11, -2*k = -o + 3. What is the remainder when o is divided by ((-24)/14)/((-4)/14 - 0)?
3
Let x(a) = -36*a - 423. Let c be x(-12). Suppose 412 = 4*h + 4*p, 8*p = 4*h + c*p - 415. What is the remainder when h is divided by 38?
28
Suppose 28522 + 24268 = 1685*m + 10665. Suppose 2*k = 3*g - 365, 0*k - 124 = -g + 3*k. Calculate the remainder when g is divided by m.
21
What is the remainder when 2577 is divided by (-6)/9*(-540)/(15 - 9)?
57
Suppose 0 = -a - 6*w + 3*w - 3, 3*w = 2*a - 21. Suppose -22 + 48 = 13*d. Suppose -a - 30 = -d*m. Calculate the remainder when 48 is divided by m.
12
Let z(g) = -32*g - 41. Let p be z(-10). Let a = p - 275. Calculate the remainder when 9 is divided by a.
1
Suppose y - 8 = -i, -5*y + 2*i + 84 = 30. Let t be (2 - y/4)*0. Suppose 9*p - 13*p + 252 = t. What is the remainder when p is divided by 11?
8
Suppose -3*g + 4*s + 50 = 43, -6*g + 46 = -4*s. What is the remainder when 119 is divided by g?
2
Let x(l) = 9*l**2 + 69. Let m be x(16). Suppose 59*o - m = 2996. What is the remainder when o is divided by 35?
21
Suppose 0 = 36*d - 31*d - 60. Calculate the remainder when (5 - 3 - 2) + 88 is divided by d.
4
Let i be 3/(-4)*(183 + 25). Let f = 187 + i. Calculate the remainder when 123 is divided by f.
30
Let q(a) = -9*a + 536. What is the remainder when 723 is divided by q(57)?
10
Let j = -63 - -134. Suppose 3*y - 3*a = -4*a + 152, -2*a + 49 = y. Let u = -33 + y. Calculate the remainder when j is divided by u.
17
Suppose 41*w + 11*w - 5*w = 188. Let g be (-2)/(-3)*(1 + 2). Suppose 4*t - 22 = -z, -z + g = -3*t - 13. Calculate the remainder when z is divided by w.
2
Suppose -1092 = -2*p + 728. Suppose 0*j = 7*j - p. Suppose n = 5*v + 3*n - j, 52 = 2*v + 2*n. What is the remainder when 50 is divided by v?
24
Suppose -13*y + 7736 + 6566 = -4444. Calculate the remainder when y is divided by 19.
17
Let z = 173 - 81. Suppose -5*a = -9*a + z. Suppose -4*j + 5 + a = 0. Calculate the remainder when 41 is divided by j.
6
Suppose 7*v = 5*r + 6859, -18*v + 13*v + 4889 = -r. Calculate the remainder when v is divided by 10.
7
Let s = 71 - 92. Let z be s/(-12)*2*48. Suppose 23 = -5*w + z. What is the remainder when w is divided by 17?
12
Let t = -5917 - -5988. Calculate the remainder when 487 is divided by t.
61
Let h(s) = -s**2 - 58*s - 263. Let r = -107 - -60. What is the remainder when h(r) is divided by 131?
123
Suppose -2*v + 5*v = -5*k + 739, -3*k - 4*v + 450 = 0. Calculate the remainder when k is divided by 9025/1425 - ((-4)/(-3) - -1).
2
Suppose -4*k + 674 = 2*o, 4*o - 2*k = 2*k + 1396. Let s = -320 + o. What is the remainder when 119 is divided by s?
19
Suppose -537 = 13*z - 2006. Let g = 117 - z. What is the remainder when 25 is divided by (26/(-3))/(g/(-6))?
12
Let z(g) = 5*g - 15. Let h be z(3). Suppose 3*f + 5*n = 203, -3*f + 3*n + h*n = -243. Calculate the remainder when 145 is divided by f.
69
Let f = 229 - 232. Let v(y) = -20*y + 4. What is the remainder when v(f) is divided by 34*-1*(1 - 2)?
30
Suppose -4*h + 31 = 5*k, -3*k = -21*h + 19*h - 1. Suppose k*j + 131 = 6*j - s, 225 = 5*j + 5*s. What is the remainder when 128 is divided by j?
40
Suppose 26*f = 22*f + 576. Suppose -5*x - j = -17, x = 6*j - 3*j - 3. Suppose -x*y + 12*y = f. What is the remainder when y is divided by 6?
4
Let i(b) = -7 + 9*b - 2*b**2 + 4*b**2 - 12. Suppose 120*a + 160 = 100*a. What is the remainder when i(a